is divided by u(8)?
5
Suppose 3*m - 3 = -0*m. Let h(o) = -o**3 + o + m + 5*o**2 + 0 + o. Calculate the remainder when h(4) is divided by 13.
12
Suppose 4*j - 20 - 8 = 0. What is the remainder when 27 is divided by j?
6
Suppose 0*g + 2*c = -4*g + 70, 31 = 2*g + 5*c. Suppose -3*z - 8 = l - 2*l, l - 5*z = 10. Let x = l - -30. What is the remainder when x is divided by g?
17
Suppose 0*f + 5*f - 20 = -2*k, k + 3*f = 9. Let g(a) = a - 13. What is the remainder when 3 is divided by g(k)?
1
Let w be 3/(-6) + 42/4. Suppose 0 = 14*z - w*z - 24. What is the remainder when z is divided by 4?
2
Let r = -18 - -28. Calculate the remainder when (-4)/10 - (-234)/r is divided by 8.
7
Suppose 93*a - 230 = 88*a. Let v = 28 + -12. What is the remainder when a is divided by v?
14
Suppose 5*o - 4*q = 30 + 14, 0 = -2*o - 4*q + 40. Suppose 5*k - 94 = 3*y + 143, 0 = 4*k - 2*y - 188. What is the remainder when k is divided by o?
9
Let y = 3 + -1. Suppose y*d = -5*u + 43, -5*u - 5*d + 34 = -6. Calculate the remainder when 17 is divided by u.
8
Suppose 3*c - 4*g = 28, -14 = -2*c + 2*g + 3*g. What is the remainder when 23 is divided by c?
11
Let f(h) = h**2 - 2*h - 2. Let k(o) = o**2 - 15*o - 23. Let q be k(17). What is the remainder when (-3)/((-12)/(-4)) + q is divided by f(4)?
4
Suppose v = 4*v + l - 557, 581 = 3*v - 5*l. Calculate the remainder when v is divided by 47.
46
Calculate the remainder when 65 is divided by 31 + (0 - (-15)/5).
31
Let t(y) = y + 2*y - 2*y - 2. Let k = 1 + 2. Calculate the remainder when 2 is divided by t(k).
0
Suppose 0 = -3*f + 5*a + 14 + 9, -59 = -5*f - 2*a. What is the remainder when 98 is divided by f?
10
Suppose 0 = -3*m + l - 3*l + 159, -53 = -m + 2*l. What is the remainder when m is divided by 14?
11
Let l(n) = n**2 + n + 3. What is the remainder when 50 is divided by l(2)?
5
Let c be (-4)/2 + 42 + 2. Suppose 3*m = c + 6. Suppose 3*t + 2*f = 24, -2*t + 2*f + 12 = t. Calculate the remainder when m is divided by t.
4
Let j(v) = v**2 + 5*v - 4. Let d be j(-4). Let o(u) = -u**3 - 7*u**2 + 7*u + 10. What is the remainder when 70 is divided by o(d)?
16
Suppose -70 = -4*k + b + 29, -2*b - 102 = -4*k. Suppose 4*o - 3*o - k = 0. Calculate the remainder when o is divided by 9.
6
Suppose -2*v + 25 + 25 = 0. Suppose -3*l = 2*j + 2*l - 45, -v = -3*j + l. Calculate the remainder when 19 is divided by j.
9
Let w(p) = p**2 + 4*p - 11. Calculate the remainder when w(6) is divided by 17.
15
Let l be (-48)/(-22) - 10/55. Suppose 0 = l*r - 5*r + 18. Calculate the remainder when 2/8 + (-86)/(-8) is divided by r.
5
Suppose 5*j - 5*n + 13 = -57, 3*j + n = -22. Calculate the remainder when 26 - 4/((-2)/(-1)) is divided by (j/(-6))/(-3)*-26.
11
Suppose 3*h + y = 143, 4*h = -h - 5*y + 255. Suppose 3*v + 17 = 5*u, 5*u + 2*v + v = -7. Suppose 65 = 4*j + u. What is the remainder when h is divided by j?
14
What is the remainder when 54 is divided by (3/12)/(3/12)*8?
6
Suppose 4*j - 228 = -0*j. What is the remainder when j is divided by 15?
12
Suppose -4*l = -3*f - 39 - 17, -3*l + 2*f = -43. What is the remainder when 50 is divided by l?
16
Let i = 69 - 45. Let g = -53 - -36. What is the remainder when i is divided by -4 + 2 - g - 2?
11
Let w = 26 + -26. Calculate the remainder when 15 is divided by 1*(w - 0 - -6).
3
Let w(h) = -h**3 + 16*h**2 + 17. What is the remainder when 33 is divided by w(16)?
16
Suppose 2*w + 4 = 70. Suppose 3*j - 7*j - 2*c = -82, -c + 5 = 0. What is the remainder when w is divided by j?
15
Let c(l) = -l**2 + l - 1. Let z be c(4). Let q = z - -20. Calculate the remainder when 12 is divided by q.
5
Let s(a) = -a**2 + 6*a - 5. Let q be s(5). Suppose 5 = -q*f + f. What is the remainder when f is divided by (-1)/((3 + 0)/(-6))?
1
Let i(d) = 2*d + 2. Let p be i(2). Let u = 16 - p. What is the remainder when 55 is divided by -2 + 5/(u/32)?
13
Suppose 0*p - 5*p + 275 = -5*o, -p - 4*o = -50. Calculate the remainder when p is divided by 19.
16
Let o = -94 - -110. Suppose -h = -1, -4*g - 4*h = -5*g + 41. Calculate the remainder when g is divided by o.
13
Let l = 46 + -38. Calculate the remainder when l is divided by 5.
3
Let q(a) = a**3 - 16*a**2 + 16*a + 22. Let p be q(15). Let b = p - 21. Calculate the remainder when b is divided by ((-1)/(-1))/((-4)/(-24)).
4
Suppose 3 = 3*v, -5*x = -2*v - 20 - 258. What is the remainder when x is divided by 15?
11
Suppose k - 12 = -3*k, 5*y + 57 = -k. Calculate the remainder when 6 is divided by (2 - y/(-9))*6.
2
Suppose -5 = -f, 0*x = -x + 3*f - 10. Let v(o) = 10*o**2 + o. Calculate the remainder when v(-1) is divided by x.
4
Let g be (-1)/2 + 28/8. Suppose 2*d - 3*k = -0*d + 76, -k = g*d - 92. Calculate the remainder when d is divided by 0 + 0 - -11*1.
10
Let u(x) = x**3 - 6*x**2 + 6*x + 1. Calculate the remainder when u(7) is divided by 19.
16
Let y(v) = -2*v**2 + 5*v - 4. Let a(z) = -z + 1. Let f(c) = -2*a(c) - y(c). Calculate the remainder when f(5) is divided by 20.
17
Let u = 89 - 79. Calculate the remainder when 26 is divided by u.
6
Let m be 51/(-9) + 4/6. Let j(f) be the first derivative of -f**4/4 - 4*f**3/3 + 3*f**2/2 - f - 2. Calculate the remainder when 17 is divided by j(m).
8
Let z be (-2 - 22)/(-1) - 2. Suppose -2*x = -0 - z. What is the remainder when x is divided by 6?
5
Let u = 1 + 3. Suppose v + 48 = 5*h + u*v, 4*h - 5*v = 31. Calculate the remainder when 33 is divided by h.
6
Let b(p) = -3*p + 6*p - p. Calculate the remainder when 18 is divided by b(5).
8
Let l(v) = -v**3 - 8*v**2 - 16*v - 26. Calculate the remainder when l(-9) is divided by 67.
65
Let x(c) = 0 + 2*c + 2 + 5*c**2 + 1 + 3*c**2. What is the remainder when x(-2) is divided by 8?
7
Let w = -8 - -10. Suppose -c + 2 = -w. Calculate the remainder when 10 is divided by c.
2
Let i(t) = -8*t - 22. Calculate the remainder when i(-10) is divided by 21.
16
Suppose -j - 4 + 5 = 0. Let g be 5 + j/1 + -2. Let p(l) = -l**3 + 5*l**2 - 3*l + 4. What is the remainder when p(g) is divided by 5?
3
Calculate the remainder when (-1)/(-2) - (-35)/2 is divided by 7.
4
Let a be ((-1)/2)/(2/(-64)). Let u = a + 115. Suppose 0 = -5*n + u - 21. Calculate the remainder when 64 is divided by n.
20
Let r(g) = -g**2 - 4*g - 3*g - 3*g - 3. What is the remainder when r(-5) is divided by 6?
4
Suppose 0 = 2*l - 3*c + 62, 0 = -2*l - 0*l - 2*c - 52. Let w = -23 - l. Calculate the remainder when 9 is divided by w.
4
Let r be (-148)/(-3) + 3/(-9). Suppose 2*t = t + r. What is the remainder when t is divided by 17?
15
Suppose 3*k + z - 6 = 0, 2*k + 0*z + z - 4 = 0. Suppose -k*x + x = -2. What is the remainder when 31 is divided by 1*(-1 + x - -10)?
9
Suppose 3*n - 115 = -2*d, 5*d + 2 = -3. Calculate the remainder when n is divided by 14.
11
Suppose -3*p + 2*s = -14, 0 = 3*p - 4*s - s - 17. Suppose -3*x - x + p = 0. What is the remainder when x is divided by 1?
0
Let u = -219 + 236. Let l(n) = 16*n**2 + 2*n - 1. What is the remainder when l(2) is divided by u?
16
Let i(p) = -p**3 - 7*p**2 - 7*p - 2. Let t be i(-6). Suppose -12 = t*x - 2*x. Calculate the remainder when 2 - (x/3 - 0) is divided by 2.
0
Let t = 93 - 45. Let j = t - 21. Calculate the remainder when j is divided by 14 + 1 + -1 + 0.
13
Suppose -w + 19 = -3*o, 5*w = -5*o + 4*o + 175. What is the remainder when w is divided by 20?
14
Let l = 14 - 20. What is the remainder when 11 is divided by ((-4)/l)/((-2)/(-9))?
2
What is the remainder when 37 is divided by -4*((-1350)/24)/9?
12
Suppose -2*u - 2 = -3*u. Suppose u*m - 6 = -0*m. Calculate the remainder when 10 is divided by m.
1
Suppose 3*r = 7*o - 4*o + 6, r = 5*o + 26. Let h be (1 + 1)*(-117)/o. What is the remainder when (9/3 - 2) + h is divided by 14?
12
Let u(i) = i**2 - i + 1. Let q(j) = -j**2 + 7*j - 4. What is the remainder when q(4) is divided by u(2)?
2
Let v be (9 - 24) + (-1)/(-1). Let b = -5 + 19. What is the remainder when b is divided by (-108)/v + (-4)/(-14)?
6
Suppose -2*v - 6 = 26. Let p be 424/(-14) + (-12)/(-42). Let b = v - p. Calculate the remainder when b is divided by 5.
4
Let t = -17 + 24. Let u = -5 + t. What is the remainder when u is divided by (-2)/4 + 6/4?
0
Suppose o = 24 - 8. Suppose 0 = 4*i - 96 + o. What is the remainder when i is divided by 11?
9
Let q(w) = w**2 - 6*w - 1. Let s be q(4). Let u = 14 + s. Calculate the remai